{"id":23,"date":"2020-05-17T20:08:49","date_gmt":"2020-05-17T18:08:49","guid":{"rendered":"http:\/\/eventsp.cluster024.hosting.ovh.net\/?page_id=23"},"modified":"2020-05-27T13:57:42","modified_gmt":"2020-05-27T11:57:42","slug":"qui-somme-nous","status":"publish","type":"page","link":"https:\/\/event-skills.com\/?page_id=23","title":{"rendered":"Qui somme nous"},"content":{"rendered":"\t\t<div data-elementor-type=\"wp-page\" data-elementor-id=\"23\" class=\"elementor elementor-23\" data-elementor-settings=\"[]\">\n\t\t\t<div class=\"elementor-inner\">\n\t\t\t\t<div class=\"elementor-section-wrap\">\n\t\t\t\t\t\t\t<section class=\"elementor-element elementor-element-c45288d elementor-section-boxed elementor-section-height-default elementor-section-height-default elementor-section elementor-top-section\" data-id=\"c45288d\" data-element_type=\"section\">\n\t\t\t\t\t\t<div class=\"elementor-container elementor-column-gap-default\">\n\t\t\t\t<div class=\"elementor-row\">\n\t\t\t\t<div class=\"elementor-element elementor-element-05ee9c3 elementor-column elementor-col-100 elementor-top-column\" data-id=\"05ee9c3\" data-element_type=\"column\">\n\t\t\t<div class=\"elementor-column-wrap  elementor-element-populated\">\n\t\t\t\t\t<div class=\"elementor-widget-wrap\">\n\t\t\t\t<div class=\"elementor-element elementor-element-6e0abb5 elementor-widget elementor-widget-image\" data-id=\"6e0abb5\" data-element_type=\"widget\" data-widget_type=\"image.default\">\n\t\t\t\t<div class=\"elementor-widget-container\">\n\t\t\t\t\t<div class=\"elementor-image\">\n\t\t\t\t\t\t\t\t\t\t<img width=\"1024\" height=\"282\" src=\"https:\/\/event-skills.com\/wp-content\/uploads\/2020\/05\/CMJN-1024x282.jpg\" class=\"attachment-large size-large\" alt=\"\" loading=\"lazy\" srcset=\"https:\/\/event-skills.com\/wp-content\/uploads\/2020\/05\/CMJN-1024x282.jpg 1024w, https:\/\/event-skills.com\/wp-content\/uploads\/2020\/05\/CMJN-300x83.jpg 300w, https:\/\/event-skills.com\/wp-content\/uploads\/2020\/05\/CMJN-768x211.jpg 768w, https:\/\/event-skills.com\/wp-content\/uploads\/2020\/05\/CMJN-1536x423.jpg 1536w, https:\/\/event-skills.com\/wp-content\/uploads\/2020\/05\/CMJN-2048x563.jpg 2048w\" sizes=\"(max-width: 1024px) 100vw, 1024px\" \/>\t\t\t\t\t\t\t\t\t\t\t<\/div>\n\t\t\t\t<\/div>\n\t\t\t\t<\/div>\n\t\t\t\t<div class=\"elementor-element elementor-element-ace7ff8 elementor-widget elementor-widget-heading\" data-id=\"ace7ff8\" data-element_type=\"widget\" data-widget_type=\"heading.default\">\n\t\t\t\t<div class=\"elementor-widget-container\">\n\t\t\t<h1 class=\"elementor-heading-title elementor-size-xl\">Comp\u00e9tences \u00c9v\u00e9nementielles<\/h1>\t\t<\/div>\n\t\t\t\t<\/div>\n\t\t\t\t\t\t<\/div>\n\t\t\t<\/div>\n\t\t<\/div>\n\t\t\t\t\t\t<\/div>\n\t\t\t<\/div>\n\t\t<\/section>\n\t\t\t\t<section class=\"elementor-element elementor-element-2165c7e elementor-section-boxed elementor-section-height-default elementor-section-height-default elementor-section elementor-top-section\" data-id=\"2165c7e\" data-element_type=\"section\">\n\t\t\t\t\t\t<div class=\"elementor-container elementor-column-gap-default\">\n\t\t\t\t<div class=\"elementor-row\">\n\t\t\t\t<div class=\"elementor-element elementor-element-06131c4 elementor-column elementor-col-50 elementor-top-column\" data-id=\"06131c4\" data-element_type=\"column\">\n\t\t\t<div class=\"elementor-column-wrap  elementor-element-populated\">\n\t\t\t\t\t<div class=\"elementor-widget-wrap\">\n\t\t\t\t<div class=\"elementor-element elementor-element-39e8333 elementor-widget elementor-widget-text-editor\" data-id=\"39e8333\" data-element_type=\"widget\" data-widget_type=\"text-editor.default\">\n\t\t\t\t<div class=\"elementor-widget-container\">\n\t\t\t\t\t<div class=\"elementor-text-editor elementor-clearfix\"><p>Faites-nous confiance, confiez-nous les clefs de votre projet EVENT, nous mettons \u00e0 votre disposition toutes nos comp\u00e9tences, force de notre enseigne EVENT SKILLS.<\/p><p>Un chef de projet vous accompagne et effectue avec vous un diagnostic de vos r\u00eaves, en identifiant vos attentes, vos besoins, vos id\u00e9es, votre vue g\u00e9n\u00e9rale du projet que vous allez lui confier. Il vous accompagnera sur l\u2019ensemble de la r\u00e9flexion et jusqu\u2019\u00e0 votre d\u00e9cision. Mais ce ne sera pas fini, il fera un point r\u00e9gulier en amont, pendant, et apr\u00e8s l\u2019\u00e9v\u00e9nement<\/p><p>L\u2019accompagnement est une vraie SKILLS en EVENT. Nous sommes en mesure d\u2019organiser, s\u00e9curiser, communiquer pour vous. Nos partenaires sont d\u00e9di\u00e9s \u00e0 votre projet ! Du traiteur \u00e0 la sonorisation de votre \u00e9v\u00e9nement, de l\u2019h\u00f4tesse \u00e0 l\u2019agent de s\u00e9curit\u00e9 ; nous travaillons avec des professionnels reconnus sur le march\u00e9. Les comp\u00e9tences associ\u00e9es sont v\u00e9rifi\u00e9es par nos \u00e9quipes et \u00e0 chaque prestation un audit de contr\u00f4le et de suivi est effectu\u00e9.<\/p><p>Vous allez nous recommander pour notre enthousiasme, notre cr\u00e9ativit\u00e9, nos qualit\u00e9s et notre disponibilit\u00e9. Nous sommes les sp\u00e9cialistes des \u00e9v\u00e9nements professionnels\u00a0<\/p><p><img loading=\"lazy\" class=\"size-full wp-image-748 aligncenter\" src=\"http:\/\/event-skills.com\/wp-content\/uploads\/2020\/03\/images.jpg\" alt=\"\" width=\"183\" height=\"275\" \/>L\u2019activit\u00e9, la sp\u00e9cialit\u00e9 sera l\u2019accompagnement, l\u2019organisation d\u2019\u00e9v\u00e9nements sur mesure, ayant l\u2019objectif de r\u00e9aliser des r\u00eaves ou de s\u2019en approcher \u00ab moi je r\u00eave, tu l\u2019as fait ! \u00bb.<\/p><p>Quelques contraintes sont \u00e0 prendre en compte\u2026<\/p><p>Apporter une r\u00e9ponse aux attentes \/ Conseiller, proposer et innover<\/p><p>S\u2019adapter au budget si possible \/ Prendre le temps de bien faire<\/p><p>Savoir refuser un projet inaccessible<\/p><\/div>\n\t\t\t\t<\/div>\n\t\t\t\t<\/div>\n\t\t\t\t\t\t<\/div>\n\t\t\t<\/div>\n\t\t<\/div>\n\t\t\t\t<div class=\"elementor-element elementor-element-a2ecf70 elementor-column elementor-col-50 elementor-top-column\" data-id=\"a2ecf70\" data-element_type=\"column\">\n\t\t\t<div class=\"elementor-column-wrap  elementor-element-populated\">\n\t\t\t\t\t<div class=\"elementor-widget-wrap\">\n\t\t\t\t<div class=\"elementor-element elementor-element-1b53314 elementor-widget elementor-widget-image\" data-id=\"1b53314\" data-element_type=\"widget\" data-widget_type=\"image.default\">\n\t\t\t\t<div class=\"elementor-widget-container\">\n\t\t\t\t\t<div class=\"elementor-image\">\n\t\t\t\t\t\t\t\t\t\t<img width=\"183\" height=\"275\" src=\"https:\/\/event-skills.com\/wp-content\/uploads\/2020\/05\/images.jpg\" class=\"attachment-large size-large\" alt=\"\" loading=\"lazy\" \/>\t\t\t\t\t\t\t\t\t\t\t<\/div>\n\t\t\t\t<\/div>\n\t\t\t\t<\/div>\n\t\t\t\t<div class=\"elementor-element elementor-element-4b4f55a elementor-widget elementor-widget-text-editor\" data-id=\"4b4f55a\" data-element_type=\"widget\" data-widget_type=\"text-editor.default\">\n\t\t\t\t<div class=\"elementor-widget-container\">\n\t\t\t\t\t<div class=\"elementor-text-editor elementor-clearfix\"><p><strong>La r\u00e9flexion du projet en r\u00e9alisant un audit<\/strong><\/p><p><strong>\u00a0La construction de l\u2019\u00e9v\u00e9nement en vous pr\u00e9sentant diff\u00e9rentes suggestions<\/strong><\/p><p><strong>\u00a0La recherche de lieux atypiques en France \u00e0 l\u2019\u00e9tranger<\/strong><\/p><p><strong>\u00a0La mise \u00e0 disposition d\u2019intervenants artistiques et de r\u00e9f\u00e9rences<\/strong><\/p><p><strong>\u00a0La location et installation de sonorisation \/ \u00e9clairages \/ vid\u00e9o<\/strong><\/p><p><strong>\u00a0La d\u00e9coration de lieux de r\u00e9ception<\/strong><\/p><p><strong>\u00a0Le choix de catering et restauration<\/strong><\/p><p><strong>\u00a0La coordination de vos projets<\/strong><\/p><p><strong>\u00a0Le mode de transport<\/strong><\/p><p><strong>\u00a0L\u2019accompagnement \u00e0 la mise aux normes de vos organisations d\u2019\u00e9v\u00e9nements<\/strong><\/p><p><strong>\u00a0L\u2019animation micro et artistique de votre \u00e9vent<\/strong><\/p><\/div>\n\t\t\t\t<\/div>\n\t\t\t\t<\/div>\n\t\t\t\t\t\t<\/div>\n\t\t\t<\/div>\n\t\t<\/div>\n\t\t\t\t\t\t<\/div>\n\t\t\t<\/div>\n\t\t<\/section>\n\t\t\t\t\t\t<\/div>\n\t\t\t<\/div>\n\t\t<\/div>\n\t\t","protected":false},"excerpt":{"rendered":"<p>Comp\u00e9tences \u00c9v\u00e9nementielles Faites-nous confiance, confiez-nous les clefs de votre projet EVENT, nous mettons \u00e0 votre disposition toutes nos comp\u00e9tences, force de notre enseigne EVENT SKILLS. Un chef de projet vous accompagne et effectue avec vous un diagnostic de vos r\u00eaves, en identifiant vos attentes, vos besoins, vos id\u00e9es, votre vue g\u00e9n\u00e9rale du projet que vous [&hellip;]<\/p>\n","protected":false},"author":10,"featured_media":0,"parent":0,"menu_order":0,"comment_status":"closed","ping_status":"closed","template":"","meta":[],"_links":{"self":[{"href":"https:\/\/event-skills.com\/index.php?rest_route=\/wp\/v2\/pages\/23"}],"collection":[{"href":"https:\/\/event-skills.com\/index.php?rest_route=\/wp\/v2\/pages"}],"about":[{"href":"https:\/\/event-skills.com\/index.php?rest_route=\/wp\/v2\/types\/page"}],"author":[{"embeddable":true,"href":"https:\/\/event-skills.com\/index.php?rest_route=\/wp\/v2\/users\/10"}],"replies":[{"embeddable":true,"href":"https:\/\/event-skills.com\/index.php?rest_route=%2Fwp%2Fv2%2Fcomments&post=23"}],"version-history":[{"count":8,"href":"https:\/\/event-skills.com\/index.php?rest_route=\/wp\/v2\/pages\/23\/revisions"}],"predecessor-version":[{"id":342,"href":"https:\/\/event-skills.com\/index.php?rest_route=\/wp\/v2\/pages\/23\/revisions\/342"}],"wp:attachment":[{"href":"https:\/\/event-skills.com\/index.php?rest_route=%2Fwp%2Fv2%2Fmedia&parent=23"}],"curies":[{"name":"wp","href":"https:\/\/api.w.org\/{rel}","templated":true}]}}